-6). List the prime factors of (h/(-8))/((-2)/1828).
457
Suppose 8*j + 4776 = 20744. Suppose -2*a - j = 4*r, 8*r + 2*a + 2496 = 3*r. What are the prime factors of r/(-4) - (1 + (-12)/4)?
127
Let g = -530 + 535. Suppose -2321 = -g*b - 4*m, 2*m = -0*b - 3*b + 1393. What are the prime factors of b?
3, 5, 31
Suppose 5*t + 2*t = -70. Let v be 84/t*100/10. What are the prime factors of 212/7 + 24/v?
2, 3, 5
Let x(y) = -558*y. Let s = 8 + -9. Let b be x(s). Suppose -7*g + g = -b. What are the prime factors of g?
3, 31
Suppose -5*u = 3*z - 30, 4*z - 5 - 3 = 4*u. Suppose -2*b = 0, 5*b = u*y - 569 - 1321. What are the prime factors of y?
2, 3, 5, 7
Let z(l) be the first derivative of 2*l**3/3 + 4*l**2 - 23*l + 131. What are the prime factors of z(-13)?
211
Let q be ((-6)/21)/((16/14)/(-4)). Let y be 3*q/(9/12). Suppose -3*l = -8 - y. What are the prime factors of l?
2
Suppose -4*r + 518 = 2862. Let b = 1057 + r. What are the prime factors of b?
3, 157
Let l = 9 + -4. Suppose g + 2*g = l*k - 722, -k - 4*g = -149. Let y = -82 + k. List the prime factors of y.
3, 7
Suppose -b + 538 = -13. Let k = -331 + b. List the prime factors of k.
2, 5, 11
Let v(u) = -130*u**3 + 6*u**2 + u - 15. List the prime factors of v(-5).
2, 3, 5, 7, 13
Let r(b) = -252*b**2 - 23*b. Let v(z) = -760*z**2 - 71*z - 1. Let l(p) = -7*r(p) + 2*v(p). List the prime factors of l(1).
3, 29
Suppose -3*l = -5*l + 5*w - 7, 5*l = -5*w + 35. What are the prime factors of (-7745)/(-25) - (l/(-10))/2?
2, 5, 31
Let w(b) = -52*b**3 + 5*b**2 - 10*b - 4. What are the prime factors of w(-7)?
3, 23, 263
Let x be 0 + -1 - (-14)/2. Suppose 7*c - 2600 = -x*c. What are the prime factors of c?
2, 5
Let b(g) = -g**3 + 11*g**2 + g - 14. Suppose 4*k + 0*q - 51 = -5*q, 2*k - 4*q = 6. List the prime factors of b(k).
157
Let r = 121 + 318. Let a = -11 + r. What are the prime factors of a?
2, 107
Let w(t) = t**2 - 55*t + 105. Let b be w(53). What are the prime factors of 4 + b + (389 - 7 - 10)?
3, 5
Let d(g) be the third derivative of -5*g**4/4 - 19*g**3/6 - 4*g**2 + 7. Suppose 4*c = -5*t - 39, -3*c - 21 = -0*c + t. What are the prime factors of d(c)?
7, 23
Let x = 70 + -44. Let q = 53 - x. What are the prime factors of q?
3
Let b(j) = 3*j + 2. Let x(d) = -108*d + 69. Let m(w) = 2*b(w) + 2*x(w). List the prime factors of m(-7).
2, 13, 31
Let k be (-141)/(-3) - 2 - -3. Let d = k + -44. List the prime factors of (d - 0) + 180/12.
19
Let c(n) be the first derivative of 4*n**3/3 + 3*n**2/2 + n - 30. Let a(l) = -l**2 - 7*l - 3. Let v be a(-7). What are the prime factors of c(v)?
2, 7
Let m = -651 - -655. Suppose -3*t - 783 = -2*k - 146, m*k - 1247 = -3*t. List the prime factors of k.
2, 157
Let t = -498 + 479. Let q(u) = 4*u**2 + 37*u - 19. What are the prime factors of q(t)?
2, 19
Let s be 9 + -3 + -15 + 12. Suppose 0 = -j + s*h + 114, 2*h - 558 = -5*j + 5*h. List the prime factors of j.
3, 37
Let z(s) = 382*s**2 - 6*s + 1. What are the prime factors of z(4)?
6089
Suppose 5*l = 5*n + 1840, -4*l + 8*n = 7*n - 1460. Suppose -3018 = l*d - 366*d. What are the prime factors of d?
3, 503
Suppose 19*i - 65218 - 175664 = 0. What are the prime factors of i?
2, 3, 2113
Let t = 8623 - 4268. What are the prime factors of t?
5, 13, 67
Let d(n) = -n**3 - 15*n**2 - 8*n - 90. List the prime factors of d(-18).
2, 3, 19
Let k = 3076 - -2699. List the prime factors of k.
3, 5, 7, 11
Suppose -4*l = 4*q - 176448, 99*q + 10 = 101*q. List the prime factors of l.
7, 6301
Let s(i) = 10*i - 120. Let h be s(12). What are the prime factors of h + 580 - 3*(-2)/(-6)?
3, 193
Let t = 112 - 113. List the prime factors of (-2*t/(-2))/(5/(-1215)).
3
Let s be (-636)/10 - (-3 - 102/(-30)). Let c = s + 248. List the prime factors of c.
2, 23
Suppose -2*g + 0*x = -3*x - 13, -g = -x - 5. Let j(m) = 5*m**g + m - 4*m**2 - 3 - 2 + 5*m. What are the prime factors of j(8)?
107
Let w(v) = -59*v**3 - 1. Let a be w(1). Let r = a + 117. What are the prime factors of r - (76/(-28) + (-4)/14)?
2, 3, 5
Let o(g) = 2*g + 19. Let r be o(7). Let t = r + -65. Let m = t - -60. List the prime factors of m.
2, 7
Let x(y) = -38*y + 46. Let t(b) = b**3 + 24*b**2 + 3*b + 59. Let l be t(-24). What are the prime factors of x(l)?
2, 3, 5
List the prime factors of 168/(-42)*1791/(-4).
3, 199
Suppose -28 + 73 = -5*a, 2*a = -2*d + 34390. List the prime factors of d.
2, 11, 17, 23
Let i(a) be the second derivative of a**4/12 - 5*a**3/2 + 47*a**2/2 - 2*a. Let p = -1708 - -1727. List the prime factors of i(p).
3, 41
Let l = 83 - 76. What are the prime factors of 2132/l + -3 - 6/(-14)?
2, 151
Let x(s) = 29*s. Let f(b) = -b**3 + 13*b**2 + 15*b - 1. Let p be f(14). Suppose -p*y = -3*y - 20. List the prime factors of x(y).
2, 29
Let d(i) = -61*i**2 - 14*i + 3. Let u(t) = -t**2 - t. Let l(v) = -d(v) + 6*u(v). What are the prime factors of l(3)?
2, 3, 43
Let k be 180/27*(108/15 + -6). Let t(c) = -c - 4. Let h be t(0). List the prime factors of (-153)/h + (-2)/k.
2, 19
Let i = 179 - 1186. Let y = i - -1899. What are the prime factors of y?
2, 223
Let d be -3 - (-8 - -3)*(-3)/5. List the prime factors of (-56)/d*(-972)/(-42).
2, 3
Let b(p) = p**3 + 7*p**2 + 8*p - 6. Let q be b(-5). List the prime factors of (-1552 - -7)*(-5)/(30/q).
2, 5, 103
Let s be ((-10)/(-15))/(2/(-462)). Let h be ((-233)/2)/((-2)/12*3). Let j = s + h. What are the prime factors of j?
79
Let l(k) = -33*k + 870. List the prime factors of l(-95).
3, 5, 89
Let g = 72 - 44. Suppose 24*l + 1552 = g*l. What are the prime factors of l?
2, 97
Suppose 2*s - 17426 = 6*q - 2*q, 6*q - 5*q = 0. What are the prime factors of s?
8713
Suppose a + 121 = 2*i, 2*i + 5*a - 126 = a. Let z = -59 + i. Suppose c - 211 = -z*f, 0*f - 404 = -2*c + 2*f. What are the prime factors of c?
5, 41
Let j = -84 + 87. Suppose 18 = j*z - 4*o + 8*o, 8 = -2*z + 4*o. Suppose -f = -q - 2*q - 46, -z*f + 4*q + 86 = 0. List the prime factors of f.
37
Suppose 28764 = -7*z + 34841 + 73303. List the prime factors of z.
2, 3, 5, 7
What are the prime factors of (268/2)/((55/230)/11)?
2, 23, 67
Suppose -22*x + 27381 = -295007. List the prime factors of x.
2, 17, 431
Suppose -21*b + 18*b - 2 = -2*t, -2*b + 1 = t. Suppose -n - 1055 + 2193 = b. List the prime factors of n.
2, 569
Let l(v) be the third derivative of v**6/120 - 3*v**5/20 - 5*v**4/8 - 2*v**3 - 2*v**2. Let h(i) = -5*i - 104. Let z be h(-23). List the prime factors of l(z).
5, 13
Suppose 0 = d, 2*w + d = 2*d - 44. Let j(g) = -g**2 - 39*g + 29. List the prime factors of j(w).
13, 31
Let f(r) = r**3 + 6*r**2 - r - 4. Let a be f(-6). Let m(h) = -139 - 5*h + h + 163 - 10*h + h**a. What are the prime factors of m(14)?
2, 3
List the prime factors of ((-828)/(-27))/(3 + (-5 - (-21440)/10716)).
2, 19, 23, 47
Let m(t) = 3*t + 35. Let u(p) = -p**2 + 20*p + 48. Let h be u(22). What are the prime factors of m(h)?
47
Suppose -5*t + o + 1103 = 0, 4*t - 5*o = 62 + 833. What are the prime factors of 18/12*t/2?
3, 5, 11
Suppose -54*s - 3*g + 40986 = -50*s, -4*s + 40998 = g. What are the prime factors of s?
3, 17, 67
Suppose -2*w + 49846 = 5*u, -2059*w - 4*u = -2063*w + 99748. What are the prime factors of w?
3, 8311
Suppose -20 = 4*p, -3*t - 26429 = -p - 202144. List the prime factors of t.
2, 5, 5857
Suppose y + 17 = -46. Let k = y - -60. List the prime factors of 65 - k*((-8)/12)/(-1).
67
Let u(z) = -26*z**2 + 16*z - 51. Let x be u(3). Let v = 1297 + x. List the prime factors of v.
2, 5, 53
Suppose -2*s - r + 672 = 0, -4*r - 997 = -3*s - 0*s. Suppose -3*y + s = m, -8*m - y = -11*m + 1055. List the prime factors of m.
2, 5, 7
Suppose 32*p - 29*p + 9144768 = 195*p. List the prime factors of p.
47629
List the prime factors of 4/(16/112052) + (33 - -9)/(-7).
7, 4001
Suppose -12 = -4*u + 8. Suppose 3 = 2*q + 5, -136 = -u*k - 4*q. Suppose -2*j = -22 - k. What are the prime factors of j?
5
Suppose 2*f - 3*f = 2*t - 584, 4*t = -3*f + 1742. Suppose 8*q + f = 10*q. What are the prime factors of q?
7, 41
Let u(q) = -2*q**2 - 15*q - 19. Let a be u(-5). Suppose -204 = a*g - 3*g. Let p = g - -235. What are the prime factors of p?
167
Let w(m) = 2*m**2 + 3*m - 11. Let z(f) = -f**3 + 4*f**2 - 3*f + 8. Let v be z(3). List the prime factors of w(v).
3, 47
Let q be 115/2*46/115. Suppose -q*d + 201 = -20*d. What are the prime factors of d?
67
Le